 224. Is x(-69) composite?
True
Suppose -2*z = 5*t + 19, 3*z - 2*t - 4 = -3*t. Let b(s) = 417*s**3 + 6*s**2 + 3*s - 11. Is b(z) prime?
True
Suppose -5*z + 5*q - 3*q = -119403, -3*q = -5*z + 119407. Is z prime?
True
Suppose 5*a - i - 70258 = 0, -6*a + i + 14054 = -5*a. Is a composite?
False
Let i(w) = -3*w + 84. Let o be i(27). Suppose 6*c + 787 = x + 10*c, 0 = -o*x - 2*c + 2371. Is x a prime number?
False
Let j(s) = -6*s**3 - s**2 + 10*s + 4. Let u(a) = a**2 + a - 25. Let r be u(-5). Is j(r) a composite number?
True
Let p = -197925 - -765076. Is p prime?
False
Let a = 163 - 363. Let i = a - -787. Is i prime?
True
Let t be 2 + 8/(-5) + 6/(-15). Suppose t = 3*k - 2*j - 1494, 248 + 245 = k + j. Suppose -4*b + 4*i + k = -772, -5*b = 3*i - 1585. Is b a prime number?
True
Let n(p) = -867*p + 210. Let x be n(-18). Let q = -5015 + x. Is q a prime number?
False
Let d(m) = m**3 - 7*m**2 + 12*m + 20. Let j be d(6). Suppose 0 = j*w - 50*w - 57306. Is w prime?
True
Suppose 2 = 4*l - 18. Suppose 3*k + 24 = 5*n + 8, -5*k - 5 = -4*n. Suppose -4*v = 7*u - k*u - 1856, 0 = l*v - 2*u - 2313. Is v a prime number?
True
Let t(n) = -54*n - 75*n - 453791 + 453831. Let r = -8 + -1. Is t(r) a composite number?
False
Let d be (2 - (2 + -2)) + -4 + 0. Let g be -3 + 1 - (-634 - (d + 5)). Suppose 0 = -21*f + 16*f + g. Is f prime?
True
Let q be (1*-21794)/(22 - 24). Suppose -4*y + q = -3*h, -3*h + 5*h = -4*y + 10882. Suppose 7*r - y - 4089 = 0. Is r a composite number?
True
Suppose -62*g + 55*g + 508256 = 0. Suppose g = 26*r - 54506. Is r a prime number?
True
Suppose 5*f + 14*k - 11*k - 27 = 0, 31 = 5*f + 4*k. Suppose 0 = -2*r + f*u + 78757, 5*r - 196912 = 4*u - 3*u. Is r prime?
True
Let m be (2 + -18)/(-2) + -6. Is (3/m)/((-7)/(255290/(-15))) a prime number?
False
Suppose -11*t = -9*t - 14. Suppose -5*j - 2747 = -3*l, l - t*j + 8*j - 905 = 0. Let o = l + -530. Is o a composite number?
False
Let w(x) = 3*x**3 - 13*x**2 - 34*x - 70. Let u be w(20). Suppose u = 4*a + 3*v, -5*v + 3350 - 12362 = -2*a. Is a a composite number?
True
Let h = 445 + -446. Is (h + 4/8)/((-4)/28712) a prime number?
False
Is -24*(-19)/1824*12969668 a composite number?
False
Let x(w) = 3347*w + 549. Is x(34) a prime number?
False
Suppose -5*m + 7528434 = 2*c, -205*c + 18821001 = -200*c + 2*m. Is c composite?
False
Let z(n) = -207*n - 199. Let k be z(-19). Let i = k - 165. Is i composite?
True
Let p = -281069 - -510418. Is p prime?
False
Suppose y - 78 = 2*i - y, -2*y - 51 = i. Let q = -41 - i. Suppose 0 = 7*j - q*j - 670. Is j composite?
True
Let h(v) = 3*v**2 - 26 + 75 - 36 + 2*v**3 + v**3 - 16*v. Is h(11) composite?
True
Suppose 4*h + 105 - 117 = 0. Is h + -9 + (-834)/(-6) prime?
False
Let q be 0 - (-5)/(-1*(-5)/20). Is 4/(-48)*3 + 79345/q a prime number?
True
Suppose -6*t - 34477 = -6541. Let k = t - -14474. Suppose 5*f + 0*f - 12263 = -v, -3*v - k = -4*f. Is f prime?
False
Let t = 67371 + -37336. Is t a prime number?
False
Is 2884610/4*-28*(-4)/40 composite?
True
Suppose -b - 1019821 = -8*v + 3*v, 2*v + 5*b - 407896 = 0. Is v composite?
True
Suppose 4*a = -2*l - 544, 5*l + 5*a + 890 = -465. Let h = 250 - l. Suppose -4*d + 0*c - c + 2145 = 0, d - 3*c = h. Is d composite?
True
Suppose 0 = 14*y - 16*y + 14. Suppose y*n - 30 = n. Suppose p - n*p + 3868 = 0. Is p a composite number?
False
Let b(d) = -d**3 + 9*d**2 - 6*d + 12. Let f be b(9). Let k = 21 - f. Is 10283/k + (-4)/18 a composite number?
False
Let c be ((-1)/2 - -1)/((-32)/704). Let f(x) = 32*x**3 + 12*x - 13*x**3 - 6*x**2 - 10*x**3 - 10*x**3 - 28. Is f(c) composite?
True
Let k be (1 - 1/(-3))*-12. Is (-11036)/k + 3/(-4) composite?
True
Suppose 2*x = -5*j + 207548, -264*x + j + 518843 = -259*x. Is x prime?
True
Let b(c) = -242*c**3 - c**2 + 209*c**3 + 3 - 26 - 9*c. Let x be b(-5). Is (x/(-16) + (-6)/(-48))*-2 a composite number?
True
Let x(j) = 5*j + 70. Let y be x(-14). Is -4 - -5 - (y - (-1 + 573)) a composite number?
True
Let k(l) = -9*l**2 - 38*l - 4. Let x be k(-4). Suppose x*h = 2*i + 18802, 2*i + 6549 + 2849 = 2*h. Is h prime?
False
Let s(y) = -74*y + 167. Is s(-3) prime?
True
Let k(r) be the first derivative of 7*r**6/120 + 7*r**5/120 - r**4/24 + 7*r**3/3 + 19. Let f(x) be the third derivative of k(x). Is f(-4) composite?
False
Let w = 188412 + -69571. Is w a prime number?
False
Let q = 122 + -107. Let x be -1 + 18/q - 76/(-20). Suppose x*t - 933 = 3231. Is t a prime number?
False
Let c(i) = 9*i. Let x be c(-4). Let q be 1604/(3 + 128/(-40)). Is 2/9 + q/x a prime number?
True
Let u = -311 - -336. Suppose -u*x + 104282 = -2*x. Is x a composite number?
True
Let j(k) be the third derivative of k**4/24 - 4*k**3/3 - 8*k**2. Let g be j(5). Is 1/(((-6)/g)/506) a prime number?
False
Suppose -3*k = 282*m - 281*m - 1467715, -k + 0*k = 0. Is m prime?
False
Let w be (-17 - -5)*3/9. Is 1/w*(-5569 + -27) composite?
False
Suppose 0 = 3*q - 5*q. Let n(z) = 64*z + 7. Let b be n(10). Suppose j + q*j - b = 0. Is j a prime number?
True
Let b(a) = -83049*a - 11596. Is b(-7) a composite number?
False
Let c(p) = 23*p**2 + 14*p - 38. Let f be c(8). Suppose 2*q = 4*h + 4934, q + 5*h - f = 893. Is q prime?
True
Let v be (-6)/(0 + 6) + -5. Is (-54562)/(-12) - ((-35)/(-6) + v) a composite number?
False
Suppose 0*d = -5*h - d + 66230, 5*h - 2*d - 66230 = 0. Let g = -5411 + h. Is g a prime number?
False
Suppose -8 = -3*m + 13*q - 15*q, 5*m - 8 = -2*q. Suppose z + 4 = -0, 2*l + 4*z - 26 = m. Is l a prime number?
False
Let v be -3 - (-3 + 1) - (2 - -1). Is (-2521)/4*(v - (-2 + 2)) composite?
False
Suppose 0 = -5*a - 1552 - 1993. Let o = a - -1922. Is o a prime number?
True
Let m be 335/(-7) - (-29)/(-203). Is m/(-60)*272980/8 composite?
True
Suppose 59*l - 45*l = 3620190. Suppose -26*m + l = -11*m. Is m prime?
True
Suppose -15*g + 10578 = -87. Let v = 27984 - g. Is v composite?
True
Let w = -148779 - -1103908. Is w prime?
False
Let o(d) = d**3 - 10*d**2 + 6*d + 30. Let y be o(9). Suppose -4*k - 5*i = 25, 0*k = -y*k + 5*i + 25. Suppose -12*u + 5156 + 8656 = k. Is u composite?
False
Let k(n) = -603*n + 10. Let j be k(-4). Let h = j - 539. Is h prime?
False
Let n = -32622 + 86580. Let g = n + -37081. Is g prime?
False
Let o(m) = -32*m - 111. Let f be o(-4). Let l(x) = 5*x**2 - 2*x - 14. Is l(f) composite?
True
Suppose 2*f + 2381 = t - 1272, 14618 = 4*t - 7*f. Is t prime?
False
Let y(p) = 5355*p**2 + 10*p - 10. Let d be y(1). Suppose 0 = 5*u - 5*o - d, -4*u - u = -2*o - 5343. Is u composite?
True
Suppose -3*o - 4 + 4 = 0. Suppose o = -249*d + 248*d + 3847. Is d composite?
False
Let t(z) = -z**3 + 7*z**2 + 29*z + 20. Let a be t(10). Let o(d) = 8*d + 7*d - 17 + 7*d - 4*d. Is o(a) prime?
True
Suppose -2*x - 13096 = 3*q, -q - 13094 = 2*q + 4*x. Is (-6)/3*q/4 prime?
False
Let y = -8422 - -55761. Is y a prime number?
True
Suppose 0 = 17*g - 1109028 - 1744609. Is g prime?
True
Let o(g) = 1359*g**3 + g**2 + 9*g - 9. Let z be o(4). Suppose 15304 - z = -15*f. Is f a prime number?
False
Let i = 51685 - 6999. Is i a composite number?
True
Let a be 3/(-9)*(-2)/((-8)/(-12)). Let d(i) = 13738*i**3 + 3*i**2 + i - 3. Is d(a) a prime number?
False
Let u = -301 + 303. Suppose -9*r + 21940 = u*o - 6*r, -2*r = o - 10969. Is o prime?
True
Let k be (21/(-2))/(26/(-73268)). Let x = -17726 + k. Is x composite?
False
Suppose -3*z = 35*h - 31*h - 1141016, 0 = -3*h + 3*z + 855741. Is h prime?
True
Suppose -4*f = 2*i - 822788 + 278342, -5*f + 2*i + 680553 = 0. Is f prime?
True
Let z(g) = 7*g**3 + 22*g**2 - 93*g + 745. Is z(42) a prime number?
True
Let u = -23165 - -33741. Let p = 19625 - u. Is p a composite number?
False
Suppose 4*x - 70 + 74 = 0, 4*k + 3*x - 1731457 = 0. Is k a composite number?
True
Let l(u) = 37*u - 77. Let f(m) = -12*m + 27. Let j(i) = -17*f(i) - 6*l(i). Suppose -3*o - 2 = 13. Is j(o) prime?
False
Let s be 2536 - 0/(-6*4/8). Suppose -t = 5*r - 2532, -6*t - s = -5*r - 9*t. Let i = r - 199. Is i prime?
True
Suppose -10*o + 13425 = -2165. Is o a prime number?
True
Let h = 179770 + -101633. Is h a composite number?
False
Suppose 3*b + 1761 = -3*m, -164 = 5*m - 5*b + 2761. Let q = 2 + -5. Is (m/(-6))/(2*q/(-18)) a composite number?
False
Suppose 27*y - 42*y + 540274 = 83*y. Is y composite?
True
Let z be 13 + -14 + 2 + 189. Suppose -192*b = -z*b - 3418. Is b a composite number?
Fals